{"id":91,"date":"2025-10-15T12:24:25","date_gmt":"2025-10-15T12:24:25","guid":{"rendered":"https:\/\/www.hotakainen.com\/?page_id=91"},"modified":"2026-02-08T06:27:24","modified_gmt":"2026-02-08T06:27:24","slug":"nude-art-kuvat","status":"publish","type":"page","link":"https:\/\/www.hotakainen.com\/index.php\/nude-art-kuvat\/","title":{"rendered":"Nude &#8211; Art Valokuvaus"},"content":{"rendered":"\n<p>Nude art valokuvaus tai alastonvalokuvaus jossa vain mielikuvitus on rajana. l\u00f6ytyy hyl\u00e4tty paikka miss\u00e4 voi ottaa kuvia tai muuten ulkona tai sitten ihan kotistudiossa. miksei my\u00f6s asiakkaan luona tai haluamassaan paikassa. My\u00f6s Odotusajan kuvat onnistuu ja vastasyntyneen kuvat.<\/p>\n\n\n\n<p><br><br><\/p>\n\n\n\n<figure class=\"wp-block-image size-large is-resized\"><img loading=\"lazy\" decoding=\"async\" width=\"1024\" height=\"956\" src=\"https:\/\/www.hotakainen.com\/wp-content\/uploads\/2025\/11\/Untitled-1-1024x956.jpg\" alt=\"\" class=\"wp-image-1112\" style=\"width:450px\" srcset=\"https:\/\/www.hotakainen.com\/wp-content\/uploads\/2025\/11\/Untitled-1-1024x956.jpg 1024w, https:\/\/www.hotakainen.com\/wp-content\/uploads\/2025\/11\/Untitled-1-300x280.jpg 300w, https:\/\/www.hotakainen.com\/wp-content\/uploads\/2025\/11\/Untitled-1-768x717.jpg 768w, https:\/\/www.hotakainen.com\/wp-content\/uploads\/2025\/11\/Untitled-1-1140x1064.jpg 1140w, https:\/\/www.hotakainen.com\/wp-content\/uploads\/2025\/11\/Untitled-1.jpg 1500w\" sizes=\"auto, (max-width: 1024px) 100vw, 1024px\" \/><\/figure>\n\n\n\n<p><\/p>\n\n\n\n<figure class=\"wp-block-image size-large is-resized\"><img loading=\"lazy\" decoding=\"async\" width=\"769\" height=\"1024\" src=\"https:\/\/www.hotakainen.com\/wp-content\/uploads\/2025\/10\/3-769x1024.jpg\" alt=\"\" class=\"wp-image-95\" style=\"width:450px\" srcset=\"https:\/\/www.hotakainen.com\/wp-content\/uploads\/2025\/10\/3-769x1024.jpg 769w, https:\/\/www.hotakainen.com\/wp-content\/uploads\/2025\/10\/3-225x300.jpg 225w, https:\/\/www.hotakainen.com\/wp-content\/uploads\/2025\/10\/3-768x1023.jpg 768w, https:\/\/www.hotakainen.com\/wp-content\/uploads\/2025\/10\/3-1153x1536.jpg 1153w, https:\/\/www.hotakainen.com\/wp-content\/uploads\/2025\/10\/3-1537x2048.jpg 1537w, https:\/\/www.hotakainen.com\/wp-content\/uploads\/2025\/10\/3-scaled.jpg 1922w\" sizes=\"auto, (max-width: 769px) 100vw, 769px\" \/><\/figure>\n\n\n\n<p><\/p>\n\n\n\n<figure class=\"wp-block-image size-large is-resized\"><img loading=\"lazy\" decoding=\"async\" width=\"862\" height=\"1024\" src=\"https:\/\/www.hotakainen.com\/wp-content\/uploads\/2026\/02\/hitsaus-862x1024.jpg\" alt=\"\" class=\"wp-image-1145\" style=\"aspect-ratio:0.8418019823685076;object-fit:cover;width:450px\" srcset=\"https:\/\/www.hotakainen.com\/wp-content\/uploads\/2026\/02\/hitsaus-862x1024.jpg 862w, https:\/\/www.hotakainen.com\/wp-content\/uploads\/2026\/02\/hitsaus-253x300.jpg 253w, https:\/\/www.hotakainen.com\/wp-content\/uploads\/2026\/02\/hitsaus-768x912.jpg 768w, https:\/\/www.hotakainen.com\/wp-content\/uploads\/2026\/02\/hitsaus-1293x1536.jpg 1293w, https:\/\/www.hotakainen.com\/wp-content\/uploads\/2026\/02\/hitsaus-1140x1354.jpg 1140w, https:\/\/www.hotakainen.com\/wp-content\/uploads\/2026\/02\/hitsaus.jpg 1500w\" sizes=\"auto, (max-width: 862px) 100vw, 862px\" \/><\/figure>\n\n\n\n<p><\/p>\n\n\n\n<p><\/p>\n","protected":false},"excerpt":{"rendered":"<p>Nude art valokuvaus tai alastonvalokuvaus jossa vain mielikuvitus on rajana. l\u00f6ytyy hyl\u00e4tty paikka miss\u00e4 voi ottaa kuvia tai muuten ulkona tai sitten ihan kotistudiossa. miksei my\u00f6s asiakkaan luona tai haluamassaan paikassa. My\u00f6s Odotusajan kuvat onnistuu ja vastasyntyneen kuvat.<\/p>\n","protected":false},"author":1,"featured_media":0,"parent":0,"menu_order":0,"comment_status":"closed","ping_status":"closed","template":"","meta":{"ngg_post_thumbnail":0,"footnotes":""},"categories":[],"tags":[33,27,30,28,31,32,29,36,35,34,37],"class_list":["post-91","page","type-page","status-publish","hentry","tag-alaston-valokuvaus","tag-hotakainen","tag-nude-art-2","tag-nude-art-photography","tag-nude-art-valokuvaus-2","tag-nude-photograph","tag-nude-artvalokuvaus","tag-odotusajan-kuvaus","tag-raskaus","tag-raskausajan-kuvat","tag-raskauskuvat"],"_links":{"self":[{"href":"https:\/\/www.hotakainen.com\/index.php\/wp-json\/wp\/v2\/pages\/91","targetHints":{"allow":["GET"]}}],"collection":[{"href":"https:\/\/www.hotakainen.com\/index.php\/wp-json\/wp\/v2\/pages"}],"about":[{"href":"https:\/\/www.hotakainen.com\/index.php\/wp-json\/wp\/v2\/types\/page"}],"author":[{"embeddable":true,"href":"https:\/\/www.hotakainen.com\/index.php\/wp-json\/wp\/v2\/users\/1"}],"replies":[{"embeddable":true,"href":"https:\/\/www.hotakainen.com\/index.php\/wp-json\/wp\/v2\/comments?post=91"}],"version-history":[{"count":31,"href":"https:\/\/www.hotakainen.com\/index.php\/wp-json\/wp\/v2\/pages\/91\/revisions"}],"predecessor-version":[{"id":1150,"href":"https:\/\/www.hotakainen.com\/index.php\/wp-json\/wp\/v2\/pages\/91\/revisions\/1150"}],"wp:attachment":[{"href":"https:\/\/www.hotakainen.com\/index.php\/wp-json\/wp\/v2\/media?parent=91"}],"wp:term":[{"taxonomy":"category","embeddable":true,"href":"https:\/\/www.hotakainen.com\/index.php\/wp-json\/wp\/v2\/categories?post=91"},{"taxonomy":"post_tag","embeddable":true,"href":"https:\/\/www.hotakainen.com\/index.php\/wp-json\/wp\/v2\/tags?post=91"}],"curies":[{"name":"wp","href":"https:\/\/api.w.org\/{rel}","templated":true}]}}